{"id":5,"date":"2014-11-11T11:09:47","date_gmt":"2014-11-11T11:09:47","guid":{"rendered":"http:\/\/anpsthemes.com\/constructo\/?page_id=5"},"modified":"2025-11-25T02:14:08","modified_gmt":"2025-11-24T23:14:08","slug":"home","status":"publish","type":"page","link":"https:\/\/www.wapakuu.com\/","title":{"rendered":"ANASAYFA"},"content":{"rendered":"<p>[vc_row has_content=&#8221;true&#8221;][vc_column][rev_slider_vc alias=&#8221;main-slider&#8221;][\/vc_column][\/vc_row][vc_row has_content=&#8221;true&#8221;][vc_column][rev_slider_vc alias=&#8221;slider-3&#8243;][\/vc_column][\/vc_row][vc_row has_content=&#8221;true&#8221;][vc_column][rev_slider_vc alias=&#8221;slider-1&#8243;][\/vc_column][\/vc_row][vc_row has_content=&#8221;true&#8221;][vc_column][rev_slider_vc alias=&#8221;slider-2&#8243;][\/vc_column][\/vc_row][vc_row css=&#8221;.vc_custom_1744979986687{margin-top: 50px !important;margin-bottom: 30px !important;}&#8221;][vc_column][vc_column_text]<style id=\"sp_product_slider_dynamic_css875\">#wps-slider-section.wps-slider-section-875 .sp-woo-product-slider-section-title{ color: #444444; font-size: 22px; }#wps-slider-section #sp-woo-product-slider-875.wps-product-section .wpsp-pagination-dot .swiper-pagination-bullet{ background-color:#cccccc; } #wps-slider-section #sp-woo-product-slider-875.wps-product-section .wpsp-pagination-dot .swiper-pagination-bullet.swiper-pagination-bullet-active{ background-color:#333333; }#wps-slider-section #sp-woo-product-slider-875.wps-product-section .wpsp-nav { color:#444444; background-color:transparent; border: 1px solid #aaaaaa; } #wps-slider-section #sp-woo-product-slider-875.wps-product-section .wpsp-nav:hover { color:#ffffff; background-color:#444444; border-color:#444444; }#wps-slider-section #sp-woo-product-slider-875.wps-product-section[data-layout=grid] { margin-left: -20px;}#wps-slider-section #sp-woo-product-slider-875 .wpsf-grid-item { padding-left: 20px; margin-bottom: 20px;}#wps-slider-section #sp-woo-product-slider-875 .wpsf-product-title a{ color: #444444; font-size: 15px; } #wps-slider-section #sp-woo-product-slider-875 .wpsf-product-title a:hover{ color: #955b89; }#wps-slider-section #sp-woo-product-slider-875 .wpsf-product-price { color: #222222; font-size: 14px; } #wps-slider-section #sp-woo-product-slider-875 .wpsf-product-price del span { color: #888888; }#wps-slider-section #sp-woo-product-slider-875.wps-product-section .star-rating span:before { color: #F4C100; } #wps-slider-section #sp-woo-product-slider-875.wps-product-section .star-rating:before{ color: #C8C8C8; }#wps-slider-section #sp-woo-product-slider-875 .wpsf-cart-button a:not(.sp-wqvpro-view-button):not(.sp-wqv-view-button){ color: #444444; background-color: transparent; border: 1px solid #222222; } #wps-slider-section #sp-woo-product-slider-875 .wpsf-cart-button a:not(.sp-wqvpro-view-button):not(.sp-wqv-view-button):hover, #wps-slider-section #sp-woo-product-slider-875 .wpsf-cart-button a.added_to_cart{ color: #ffffff; background-color: #222222; border-color: #222222; }#sp-woo-product-slider-875.sp-wps-custom-template .wps-product-image .wpsf-product-img,#sp-woo-product-slider-875.sp-wps-theme_one .wps-product-image { border: 1px solid #dddddd;}#wps-slider-section #sp-woo-product-slider-875.sp-wps-theme_one .wpsf-product:hover .wps-product-image, #sp-woo-product-slider-875.sp-wps-custom-template .sp-wps-product-image-area:hover .wps-product-image .wpsf-product-img { border-color: #dddddd;}#wps-slider-section #sp-woo-product-slider-875 .wps-pagination ul li .page-numbers {background: transparent; color: #5e5e5e; border: 2px solid #dddddd; } #wps-slider-section #sp-woo-product-slider-875 .wps-pagination ul li .page-numbers:hover,#wps-slider-section #sp-woo-product-slider-875 .wps-pagination ul li .page-numbers.current {background: #5e5e5e; color: #ffffff; border-color: #5e5e5e; }#wps-slider-section #sp-woo-product-slider-875 a.sp-wqv-view-button{ display: none; }<\/style><div id=\"wps-slider-section\" class=\"wps-slider-section wps-slider-section-875\">\n\t\t<h2 class=\"sp-woo-product-slider-section-title\"> En \u00c7ok Tercih Edilenler <\/h2>\n\t\t<div class=\"wps-preloader\" id=\"wps-preloader-875\" style=\"\">\n\t\t<img decoding=\"async\" src=\"https:\/\/www.wapakuu.com\/wp-content\/plugins\/woo-product-slider\/src\/Admin\/assets\/images\/spinner.svg\" alt=\"loader-image\"\/>\n\t<\/div>\n\t\t\t<div id=\"sp-woo-product-slider-875\" class=\"wps-product-section sp-wps-theme_two\"  data-layout=\"grid\"  dir=\"ltr\" data-preloader=\"1\">\n\t<div class=\"wpsf-product wpsf-grid-item sp-wps-col-xl-4 sp-wps-col-lg-3 sp-wps-col-md-2 sp-wps-col-sm-1\">\n\t<div class=\"sp-wps-product-image-area\">\n\t\t<a href=\"https:\/\/www.wapakuu.com\/?product=hindistan-cevizi-aromali-700-ml\" class=\"wps-product-image\">\n\t<img loading=\"lazy\" decoding=\"async\" width=\"211\" height=\"300\" src=\"https:\/\/www.wapakuu.com\/wp-content\/uploads\/2025\/04\/1-product-black-06-480x682-211x300.jpg\" class=\"wpsf-product-img wp-post-image\" alt=\"\" srcset=\"https:\/\/www.wapakuu.com\/wp-content\/uploads\/2025\/04\/1-product-black-06-480x682-211x300.jpg 211w, https:\/\/www.wapakuu.com\/wp-content\/uploads\/2025\/04\/1-product-black-06-480x682-253x360.jpg 253w, https:\/\/www.wapakuu.com\/wp-content\/uploads\/2025\/04\/1-product-black-06-480x682-360x512.jpg 360w, https:\/\/www.wapakuu.com\/wp-content\/uploads\/2025\/04\/1-product-black-06-480x682.jpg 480w\" sizes=\"auto, (max-width: 211px) 100vw, 211px\" \/><\/a>\n\t\t<div class=\"sp-wps-product-details\">\n\t\t\t<div class=\"sp-wps-product-details-inner\">\n\t\t\t\t\t\t<div class=\"wpsf-product-title\"><a href=\"https:\/\/www.wapakuu.com\/?product=hindistan-cevizi-aromali-700-ml\">H\u0130ND\u0130STAN CEV\u0130Z\u0130 AROMALI  700 ML<\/a><\/div>\n\t\t<div class=\"wpsf-product-price\"> <del aria-hidden=\"true\"><span class=\"woocommerce-Price-amount amount\">200.00<span class=\"woocommerce-Price-currencySymbol\">TL<\/span><\/span><\/del> <span class=\"screen-reader-text\">Orijinal fiyat: 200.00TL.<\/span><ins aria-hidden=\"true\"><span class=\"woocommerce-Price-amount amount\">180.00<span class=\"woocommerce-Price-currencySymbol\">TL<\/span><\/span><\/ins><span class=\"screen-reader-text\">\u015eu andaki fiyat: 180.00TL.<\/span><\/div>\n\t\t<div class=\"wpsf-cart-button\"><p class=\"product woocommerce add_to_cart_inline \" style=\"border:4px solid #ccc; padding: 12px;\"><a class=\"button\" href=\"https:\/\/www.wapakuu.com\/?product=hindistan-cevizi-aromali-700-ml\">\u00dcr\u00fcn\u00fc g\u00f6r\u00fcnt\u00fcle<\/a>\t<span id=\"woocommerce_loop_add_to_cart_link_describedby_873\" class=\"screen-reader-text\">\n\t\t\t<\/span>\n<\/p><\/div>\n\t\t\t\t<\/div> <!-- sp-wps-product-details-inner. -->\n\t\t<\/div> <!--  sp-wps-product-details. -->\n\t<\/div> <!-- sp-wps-product-image-area.  -->\n<\/div> <!-- wpsf-product. -->\n<div class=\"wpsf-product wpsf-grid-item sp-wps-col-xl-4 sp-wps-col-lg-3 sp-wps-col-md-2 sp-wps-col-sm-1\">\n\t<div class=\"sp-wps-product-image-area\">\n\t\t<a href=\"https:\/\/www.wapakuu.com\/?product=turunc-aromali-700-ml\" class=\"wps-product-image\">\n\t<img loading=\"lazy\" decoding=\"async\" width=\"211\" height=\"300\" src=\"https:\/\/www.wapakuu.com\/wp-content\/uploads\/2025\/04\/1-product-black-06-480x682-211x300.jpg\" class=\"wpsf-product-img wp-post-image\" alt=\"\" srcset=\"https:\/\/www.wapakuu.com\/wp-content\/uploads\/2025\/04\/1-product-black-06-480x682-211x300.jpg 211w, https:\/\/www.wapakuu.com\/wp-content\/uploads\/2025\/04\/1-product-black-06-480x682-253x360.jpg 253w, https:\/\/www.wapakuu.com\/wp-content\/uploads\/2025\/04\/1-product-black-06-480x682-360x512.jpg 360w, https:\/\/www.wapakuu.com\/wp-content\/uploads\/2025\/04\/1-product-black-06-480x682.jpg 480w\" sizes=\"auto, (max-width: 211px) 100vw, 211px\" \/><\/a>\n\t\t<div class=\"sp-wps-product-details\">\n\t\t\t<div class=\"sp-wps-product-details-inner\">\n\t\t\t\t\t\t<div class=\"wpsf-product-title\"><a href=\"https:\/\/www.wapakuu.com\/?product=turunc-aromali-700-ml\">TURUN\u00c7   AROMALI 700 ML<\/a><\/div>\n\t\t<div class=\"wpsf-product-price\"> <del aria-hidden=\"true\"><span class=\"woocommerce-Price-amount amount\">200.00<span class=\"woocommerce-Price-currencySymbol\">TL<\/span><\/span><\/del> <span class=\"screen-reader-text\">Orijinal fiyat: 200.00TL.<\/span><ins aria-hidden=\"true\"><span class=\"woocommerce-Price-amount amount\">180.00<span class=\"woocommerce-Price-currencySymbol\">TL<\/span><\/span><\/ins><span class=\"screen-reader-text\">\u015eu andaki fiyat: 180.00TL.<\/span><\/div>\n\t\t<div class=\"wpsf-cart-button\"><p class=\"product woocommerce add_to_cart_inline \" style=\"border:4px solid #ccc; padding: 12px;\"><a class=\"button\" href=\"https:\/\/www.wapakuu.com\/?product=turunc-aromali-700-ml\">\u00dcr\u00fcn\u00fc g\u00f6r\u00fcnt\u00fcle<\/a>\t<span id=\"woocommerce_loop_add_to_cart_link_describedby_872\" class=\"screen-reader-text\">\n\t\t\t<\/span>\n<\/p><\/div>\n\t\t\t\t<\/div> <!-- sp-wps-product-details-inner. -->\n\t\t<\/div> <!--  sp-wps-product-details. -->\n\t<\/div> <!-- sp-wps-product-image-area.  -->\n<\/div> <!-- wpsf-product. -->\n<div class=\"wpsf-product wpsf-grid-item sp-wps-col-xl-4 sp-wps-col-lg-3 sp-wps-col-md-2 sp-wps-col-sm-1\">\n\t<div class=\"sp-wps-product-image-area\">\n\t\t<a href=\"https:\/\/www.wapakuu.com\/?product=cilek-aromali-700-ml\" class=\"wps-product-image\">\n\t<img loading=\"lazy\" decoding=\"async\" width=\"211\" height=\"300\" src=\"https:\/\/www.wapakuu.com\/wp-content\/uploads\/2025\/04\/1-product-black-06-480x682-211x300.jpg\" class=\"wpsf-product-img wp-post-image\" alt=\"\" srcset=\"https:\/\/www.wapakuu.com\/wp-content\/uploads\/2025\/04\/1-product-black-06-480x682-211x300.jpg 211w, https:\/\/www.wapakuu.com\/wp-content\/uploads\/2025\/04\/1-product-black-06-480x682-253x360.jpg 253w, https:\/\/www.wapakuu.com\/wp-content\/uploads\/2025\/04\/1-product-black-06-480x682-360x512.jpg 360w, https:\/\/www.wapakuu.com\/wp-content\/uploads\/2025\/04\/1-product-black-06-480x682.jpg 480w\" sizes=\"auto, (max-width: 211px) 100vw, 211px\" \/><\/a>\n\t\t<div class=\"sp-wps-product-details\">\n\t\t\t<div class=\"sp-wps-product-details-inner\">\n\t\t\t\t\t\t<div class=\"wpsf-product-title\"><a href=\"https:\/\/www.wapakuu.com\/?product=cilek-aromali-700-ml\">\u00c7\u0130LEK AROMALI  700 ML<\/a><\/div>\n\t\t<div class=\"wpsf-product-price\"> <del aria-hidden=\"true\"><span class=\"woocommerce-Price-amount amount\">200.00<span class=\"woocommerce-Price-currencySymbol\">TL<\/span><\/span><\/del> <span class=\"screen-reader-text\">Orijinal fiyat: 200.00TL.<\/span><ins aria-hidden=\"true\"><span class=\"woocommerce-Price-amount amount\">180.00<span class=\"woocommerce-Price-currencySymbol\">TL<\/span><\/span><\/ins><span class=\"screen-reader-text\">\u015eu andaki fiyat: 180.00TL.<\/span><\/div>\n\t\t<div class=\"wpsf-cart-button\"><p class=\"product woocommerce add_to_cart_inline \" style=\"border:4px solid #ccc; padding: 12px;\"><a class=\"button\" href=\"https:\/\/www.wapakuu.com\/?product=cilek-aromali-700-ml\">\u00dcr\u00fcn\u00fc g\u00f6r\u00fcnt\u00fcle<\/a>\t<span id=\"woocommerce_loop_add_to_cart_link_describedby_871\" class=\"screen-reader-text\">\n\t\t\t<\/span>\n<\/p><\/div>\n\t\t\t\t<\/div> <!-- sp-wps-product-details-inner. -->\n\t\t<\/div> <!--  sp-wps-product-details. -->\n\t<\/div> <!-- sp-wps-product-image-area.  -->\n<\/div> <!-- wpsf-product. -->\n<div class=\"wpsf-product wpsf-grid-item sp-wps-col-xl-4 sp-wps-col-lg-3 sp-wps-col-md-2 sp-wps-col-sm-1\">\n\t<div class=\"sp-wps-product-image-area\">\n\t\t<a href=\"https:\/\/www.wapakuu.com\/?product=cikolatali-700-ml\" class=\"wps-product-image\">\n\t<img loading=\"lazy\" decoding=\"async\" width=\"211\" height=\"300\" src=\"https:\/\/www.wapakuu.com\/wp-content\/uploads\/2025\/04\/1-product-black-06-480x682-211x300.jpg\" class=\"wpsf-product-img wp-post-image\" alt=\"\" srcset=\"https:\/\/www.wapakuu.com\/wp-content\/uploads\/2025\/04\/1-product-black-06-480x682-211x300.jpg 211w, https:\/\/www.wapakuu.com\/wp-content\/uploads\/2025\/04\/1-product-black-06-480x682-253x360.jpg 253w, https:\/\/www.wapakuu.com\/wp-content\/uploads\/2025\/04\/1-product-black-06-480x682-360x512.jpg 360w, https:\/\/www.wapakuu.com\/wp-content\/uploads\/2025\/04\/1-product-black-06-480x682.jpg 480w\" sizes=\"auto, (max-width: 211px) 100vw, 211px\" \/><\/a>\n\t\t<div class=\"sp-wps-product-details\">\n\t\t\t<div class=\"sp-wps-product-details-inner\">\n\t\t\t\t\t\t<div class=\"wpsf-product-title\"><a href=\"https:\/\/www.wapakuu.com\/?product=cikolatali-700-ml\">\u00c7\u0130KOLATALI 700 ML<\/a><\/div>\n\t\t<div class=\"wpsf-product-price\"> <del aria-hidden=\"true\"><span class=\"woocommerce-Price-amount amount\">200.00<span class=\"woocommerce-Price-currencySymbol\">TL<\/span><\/span><\/del> <span class=\"screen-reader-text\">Orijinal fiyat: 200.00TL.<\/span><ins aria-hidden=\"true\"><span class=\"woocommerce-Price-amount amount\">180.00<span class=\"woocommerce-Price-currencySymbol\">TL<\/span><\/span><\/ins><span class=\"screen-reader-text\">\u015eu andaki fiyat: 180.00TL.<\/span><\/div>\n\t\t<div class=\"wpsf-cart-button\"><p class=\"product woocommerce add_to_cart_inline \" style=\"border:4px solid #ccc; padding: 12px;\"><a class=\"button\" href=\"https:\/\/www.wapakuu.com\/?product=cikolatali-700-ml\">\u00dcr\u00fcn\u00fc g\u00f6r\u00fcnt\u00fcle<\/a>\t<span id=\"woocommerce_loop_add_to_cart_link_describedby_870\" class=\"screen-reader-text\">\n\t\t\t<\/span>\n<\/p><\/div>\n\t\t\t\t<\/div> <!-- sp-wps-product-details-inner. -->\n\t\t<\/div> <!--  sp-wps-product-details. -->\n\t<\/div> <!-- sp-wps-product-image-area.  -->\n<\/div> <!-- wpsf-product. -->\n<div class=\"wpsf-product wpsf-grid-item sp-wps-col-xl-4 sp-wps-col-lg-3 sp-wps-col-md-2 sp-wps-col-sm-1\">\n\t<div class=\"sp-wps-product-image-area\">\n\t\t<a href=\"https:\/\/www.wapakuu.com\/?product=ananas-aromali-700-ml\" class=\"wps-product-image\">\n\t<img loading=\"lazy\" decoding=\"async\" width=\"211\" height=\"300\" src=\"https:\/\/www.wapakuu.com\/wp-content\/uploads\/2025\/04\/1-product-black-06-480x682-211x300.jpg\" class=\"wpsf-product-img wp-post-image\" alt=\"\" srcset=\"https:\/\/www.wapakuu.com\/wp-content\/uploads\/2025\/04\/1-product-black-06-480x682-211x300.jpg 211w, https:\/\/www.wapakuu.com\/wp-content\/uploads\/2025\/04\/1-product-black-06-480x682-253x360.jpg 253w, https:\/\/www.wapakuu.com\/wp-content\/uploads\/2025\/04\/1-product-black-06-480x682-360x512.jpg 360w, https:\/\/www.wapakuu.com\/wp-content\/uploads\/2025\/04\/1-product-black-06-480x682.jpg 480w\" sizes=\"auto, (max-width: 211px) 100vw, 211px\" \/><\/a>\n\t\t<div class=\"sp-wps-product-details\">\n\t\t\t<div class=\"sp-wps-product-details-inner\">\n\t\t\t\t\t\t<div class=\"wpsf-product-title\"><a href=\"https:\/\/www.wapakuu.com\/?product=ananas-aromali-700-ml\">ANANAS AROMALI 700 ML<\/a><\/div>\n\t\t<div class=\"wpsf-product-price\"> <del aria-hidden=\"true\"><span class=\"woocommerce-Price-amount amount\">200.00<span class=\"woocommerce-Price-currencySymbol\">TL<\/span><\/span><\/del> <span class=\"screen-reader-text\">Orijinal fiyat: 200.00TL.<\/span><ins aria-hidden=\"true\"><span class=\"woocommerce-Price-amount amount\">180.00<span class=\"woocommerce-Price-currencySymbol\">TL<\/span><\/span><\/ins><span class=\"screen-reader-text\">\u015eu andaki fiyat: 180.00TL.<\/span><\/div>\n\t\t<div class=\"wpsf-cart-button\"><p class=\"product woocommerce add_to_cart_inline \" style=\"border:4px solid #ccc; padding: 12px;\"><a class=\"button\" href=\"https:\/\/www.wapakuu.com\/?product=ananas-aromali-700-ml\">\u00dcr\u00fcn\u00fc g\u00f6r\u00fcnt\u00fcle<\/a>\t<span id=\"woocommerce_loop_add_to_cart_link_describedby_869\" class=\"screen-reader-text\">\n\t\t\t<\/span>\n<\/p><\/div>\n\t\t\t\t<\/div> <!-- sp-wps-product-details-inner. -->\n\t\t<\/div> <!--  sp-wps-product-details. -->\n\t<\/div> <!-- sp-wps-product-image-area.  -->\n<\/div> <!-- wpsf-product. -->\n<div class=\"wpsf-product wpsf-grid-item sp-wps-col-xl-4 sp-wps-col-lg-3 sp-wps-col-md-2 sp-wps-col-sm-1\">\n\t<div class=\"sp-wps-product-image-area\">\n\t\t<a href=\"https:\/\/www.wapakuu.com\/?product=espresso-500-gr\" class=\"wps-product-image\">\n\t<img loading=\"lazy\" decoding=\"async\" width=\"211\" height=\"300\" src=\"https:\/\/www.wapakuu.com\/wp-content\/uploads\/2025\/04\/1-product-black-06-480x682-211x300.jpg\" class=\"wpsf-product-img wp-post-image\" alt=\"\" srcset=\"https:\/\/www.wapakuu.com\/wp-content\/uploads\/2025\/04\/1-product-black-06-480x682-211x300.jpg 211w, https:\/\/www.wapakuu.com\/wp-content\/uploads\/2025\/04\/1-product-black-06-480x682-253x360.jpg 253w, https:\/\/www.wapakuu.com\/wp-content\/uploads\/2025\/04\/1-product-black-06-480x682-360x512.jpg 360w, https:\/\/www.wapakuu.com\/wp-content\/uploads\/2025\/04\/1-product-black-06-480x682.jpg 480w\" sizes=\"auto, (max-width: 211px) 100vw, 211px\" \/><\/a>\n\t\t<div class=\"sp-wps-product-details\">\n\t\t\t<div class=\"sp-wps-product-details-inner\">\n\t\t\t\t\t\t<div class=\"wpsf-product-title\"><a href=\"https:\/\/www.wapakuu.com\/?product=espresso-500-gr\">ESPRESSO 500 GR<\/a><\/div>\n\t\t<div class=\"wpsf-product-price\"> <del aria-hidden=\"true\"><span class=\"woocommerce-Price-amount amount\">200.00<span class=\"woocommerce-Price-currencySymbol\">TL<\/span><\/span><\/del> <span class=\"screen-reader-text\">Orijinal fiyat: 200.00TL.<\/span><ins aria-hidden=\"true\"><span class=\"woocommerce-Price-amount amount\">180.00<span class=\"woocommerce-Price-currencySymbol\">TL<\/span><\/span><\/ins><span class=\"screen-reader-text\">\u015eu andaki fiyat: 180.00TL.<\/span><\/div>\n\t\t<div class=\"wpsf-cart-button\"><p class=\"product woocommerce add_to_cart_inline \" style=\"border:4px solid #ccc; padding: 12px;\"><a class=\"button\" href=\"https:\/\/www.wapakuu.com\/?product=espresso-500-gr\">\u00dcr\u00fcn\u00fc g\u00f6r\u00fcnt\u00fcle<\/a>\t<span id=\"woocommerce_loop_add_to_cart_link_describedby_866\" class=\"screen-reader-text\">\n\t\t\t<\/span>\n<\/p><\/div>\n\t\t\t\t<\/div> <!-- sp-wps-product-details-inner. -->\n\t\t<\/div> <!--  sp-wps-product-details. -->\n\t<\/div> <!-- sp-wps-product-image-area.  -->\n<\/div> <!-- wpsf-product. -->\n<div class=\"wpsf-product wpsf-grid-item sp-wps-col-xl-4 sp-wps-col-lg-3 sp-wps-col-md-2 sp-wps-col-sm-1\">\n\t<div class=\"sp-wps-product-image-area\">\n\t\t<a href=\"https:\/\/www.wapakuu.com\/?product=espresso-250-gr\" class=\"wps-product-image\">\n\t<img loading=\"lazy\" decoding=\"async\" width=\"211\" height=\"300\" src=\"https:\/\/www.wapakuu.com\/wp-content\/uploads\/2025\/04\/1-product-black-06-480x682-211x300.jpg\" class=\"wpsf-product-img wp-post-image\" alt=\"\" srcset=\"https:\/\/www.wapakuu.com\/wp-content\/uploads\/2025\/04\/1-product-black-06-480x682-211x300.jpg 211w, https:\/\/www.wapakuu.com\/wp-content\/uploads\/2025\/04\/1-product-black-06-480x682-253x360.jpg 253w, https:\/\/www.wapakuu.com\/wp-content\/uploads\/2025\/04\/1-product-black-06-480x682-360x512.jpg 360w, https:\/\/www.wapakuu.com\/wp-content\/uploads\/2025\/04\/1-product-black-06-480x682.jpg 480w\" sizes=\"auto, (max-width: 211px) 100vw, 211px\" \/><\/a>\n\t\t<div class=\"sp-wps-product-details\">\n\t\t\t<div class=\"sp-wps-product-details-inner\">\n\t\t\t\t\t\t<div class=\"wpsf-product-title\"><a href=\"https:\/\/www.wapakuu.com\/?product=espresso-250-gr\">ESPRESSO 250 GR<\/a><\/div>\n\t\t<div class=\"wpsf-product-price\"> <del aria-hidden=\"true\"><span class=\"woocommerce-Price-amount amount\">200.00<span class=\"woocommerce-Price-currencySymbol\">TL<\/span><\/span><\/del> <span class=\"screen-reader-text\">Orijinal fiyat: 200.00TL.<\/span><ins aria-hidden=\"true\"><span class=\"woocommerce-Price-amount amount\">180.00<span class=\"woocommerce-Price-currencySymbol\">TL<\/span><\/span><\/ins><span class=\"screen-reader-text\">\u015eu andaki fiyat: 180.00TL.<\/span><\/div>\n\t\t<div class=\"wpsf-cart-button\"><p class=\"product woocommerce add_to_cart_inline \" style=\"border:4px solid #ccc; padding: 12px;\"><a class=\"button\" href=\"https:\/\/www.wapakuu.com\/?product=espresso-250-gr\">\u00dcr\u00fcn\u00fc g\u00f6r\u00fcnt\u00fcle<\/a>\t<span id=\"woocommerce_loop_add_to_cart_link_describedby_865\" class=\"screen-reader-text\">\n\t\t\t<\/span>\n<\/p><\/div>\n\t\t\t\t<\/div> <!-- sp-wps-product-details-inner. -->\n\t\t<\/div> <!--  sp-wps-product-details. -->\n\t<\/div> <!-- sp-wps-product-image-area.  -->\n<\/div> <!-- wpsf-product. -->\n<div class=\"wpsf-product wpsf-grid-item sp-wps-col-xl-4 sp-wps-col-lg-3 sp-wps-col-md-2 sp-wps-col-sm-1\">\n\t<div class=\"sp-wps-product-image-area\">\n\t\t<a href=\"https:\/\/www.wapakuu.com\/?product=cekirdek-kahve\" class=\"wps-product-image\">\n\t<img loading=\"lazy\" decoding=\"async\" width=\"211\" height=\"300\" src=\"https:\/\/www.wapakuu.com\/wp-content\/uploads\/2025\/04\/1-product-black-06-480x682-211x300.jpg\" class=\"wpsf-product-img wp-post-image\" alt=\"\" srcset=\"https:\/\/www.wapakuu.com\/wp-content\/uploads\/2025\/04\/1-product-black-06-480x682-211x300.jpg 211w, https:\/\/www.wapakuu.com\/wp-content\/uploads\/2025\/04\/1-product-black-06-480x682-253x360.jpg 253w, https:\/\/www.wapakuu.com\/wp-content\/uploads\/2025\/04\/1-product-black-06-480x682-360x512.jpg 360w, https:\/\/www.wapakuu.com\/wp-content\/uploads\/2025\/04\/1-product-black-06-480x682.jpg 480w\" sizes=\"auto, (max-width: 211px) 100vw, 211px\" \/><\/a>\n\t\t<div class=\"sp-wps-product-details\">\n\t\t\t<div class=\"sp-wps-product-details-inner\">\n\t\t\t\t\t\t<div class=\"wpsf-product-title\"><a href=\"https:\/\/www.wapakuu.com\/?product=cekirdek-kahve\">\u00c7EK\u0130RDEK KAHVE<\/a><\/div>\n\t\t<div class=\"wpsf-product-price\"> <del aria-hidden=\"true\"><span class=\"woocommerce-Price-amount amount\">200.00<span class=\"woocommerce-Price-currencySymbol\">TL<\/span><\/span><\/del> <span class=\"screen-reader-text\">Orijinal fiyat: 200.00TL.<\/span><ins aria-hidden=\"true\"><span class=\"woocommerce-Price-amount amount\">180.00<span class=\"woocommerce-Price-currencySymbol\">TL<\/span><\/span><\/ins><span class=\"screen-reader-text\">\u015eu andaki fiyat: 180.00TL.<\/span><\/div>\n\t\t<div class=\"wpsf-cart-button\"><p class=\"product woocommerce add_to_cart_inline \" style=\"border:4px solid #ccc; padding: 12px;\"><a class=\"button\" href=\"https:\/\/www.wapakuu.com\/?product=cekirdek-kahve\">\u00dcr\u00fcn\u00fc g\u00f6r\u00fcnt\u00fcle<\/a>\t<span id=\"woocommerce_loop_add_to_cart_link_describedby_864\" class=\"screen-reader-text\">\n\t\t\t<\/span>\n<\/p><\/div>\n\t\t\t\t<\/div> <!-- sp-wps-product-details-inner. -->\n\t\t<\/div> <!--  sp-wps-product-details. -->\n\t<\/div> <!-- sp-wps-product-image-area.  -->\n<\/div> <!-- wpsf-product. -->\n\t\t\t<\/div>\n<\/div>\n[\/vc_column_text][\/vc_column][\/vc_row][vc_row has_content=&#8221;true&#8221;][vc_column][rev_slider_vc alias=&#8221;slider-5&#8243;][\/vc_column][\/vc_row][vc_row has_content=&#8221;true&#8221;][vc_column][rev_slider_vc alias=&#8221;slider-6&#8243;][\/vc_column][\/vc_row]<\/p>","protected":false},"excerpt":{"rendered":"<p>[vc_row has_content=&#8221;true&#8221;][vc_column][rev_slider_vc alias=&#8221;main-slider&#8221;][\/vc_column][\/vc_row][vc_row has_content=&#8221;true&#8221;][vc_column][rev_slider_vc alias=&#8221;slider-3&#8243;][\/vc_column][\/vc_row][vc_row has_content=&#8221;true&#8221;][vc_column][rev_slider_vc alias=&#8221;slider-1&#8243;][\/vc_column][\/vc_row][vc_row has_content=&#8221;true&#8221;][vc_column][rev_slider_vc alias=&#8221;slider-2&#8243;][\/vc_column][\/vc_row][vc_row css=&#8221;.vc_custom_1744979986687{margin-top: 50px !important;margin-bottom: 30px !important;}&#8221;][vc_column][vc_column_text][\/vc_column_text][\/vc_column][\/vc_row][vc_row has_content=&#8221;true&#8221;][vc_column][rev_slider_vc alias=&#8221;slider-5&#8243;][\/vc_column][\/vc_row][vc_row has_content=&#8221;true&#8221;][vc_column][rev_slider_vc alias=&#8221;slider-6&#8243;][\/vc_column][\/vc_row]<\/p>\n","protected":false},"author":1,"featured_media":0,"parent":0,"menu_order":0,"comment_status":"open","ping_status":"open","template":"","meta":{"pgc_sgb_lightbox_settings":"","footnotes":""},"class_list":["post-5","page","type-page","status-publish","hentry"],"_links":{"self":[{"href":"https:\/\/www.wapakuu.com\/index.php?rest_route=\/wp\/v2\/pages\/5","targetHints":{"allow":["GET"]}}],"collection":[{"href":"https:\/\/www.wapakuu.com\/index.php?rest_route=\/wp\/v2\/pages"}],"about":[{"href":"https:\/\/www.wapakuu.com\/index.php?rest_route=\/wp\/v2\/types\/page"}],"author":[{"embeddable":true,"href":"https:\/\/www.wapakuu.com\/index.php?rest_route=\/wp\/v2\/users\/1"}],"replies":[{"embeddable":true,"href":"https:\/\/www.wapakuu.com\/index.php?rest_route=%2Fwp%2Fv2%2Fcomments&post=5"}],"version-history":[{"count":11,"href":"https:\/\/www.wapakuu.com\/index.php?rest_route=\/wp\/v2\/pages\/5\/revisions"}],"predecessor-version":[{"id":956,"href":"https:\/\/www.wapakuu.com\/index.php?rest_route=\/wp\/v2\/pages\/5\/revisions\/956"}],"wp:attachment":[{"href":"https:\/\/www.wapakuu.com\/index.php?rest_route=%2Fwp%2Fv2%2Fmedia&parent=5"}],"curies":[{"name":"wp","href":"https:\/\/api.w.org\/{rel}","templated":true}]}}